the remainder when 67850 is divided by 74?
66
Calculate the remainder when 636 is divided by 167.
135
Calculate the remainder when 26359 is divided by 233.
30
What is the remainder when 72159 is divided by 475?
434
Calculate the remainder when 1496 is divided by 189.
173
What is the remainder when 48559 is divided by 1735?
1714
What is the remainder when 32785 is divided by 475?
10
What is the remainder when 42589 is divided by 21240?
109
Calculate the remainder when 1188 is divided by 202.
178
Calculate the remainder when 48778 is divided by 207.
133
Calculate the remainder when 21601 is divided by 24.
1
What is the remainder when 2224 is divided by 430?
74
What is the remainder when 1800 is divided by 896?
8
Calculate the remainder when 894 is divided by 138.
66
Calculate the remainder when 24813 is divided by 550.
63
Calculate the remainder when 4503 is divided by 85.
83
What is the remainder when 786 is divided by 125?
36
What is the remainder when 139136 is divided by 5153?
5
Calculate the remainder when 1196 is divided by 82.
48
Calculate the remainder when 129666 is divided by 47.
40
What is the remainder when 48361 is divided by 190?
101
Calculate the remainder when 1680 is divided by 427.
399
What is the remainder when 10516 is divided by 136?
44
What is the remainder when 6865 is divided by 63?
61
What is the remainder when 8916 is divided by 182?
180
What is the remainder when 95733 is divided by 193?
5
Calculate the remainder when 19728 is divided by 10.
8
What is the remainder when 1888 is divided by 472?
0
What is the remainder when 177393 is divided by 6570?
3
What is the remainder when 2666807 is divided by 22?
11
Calculate the remainder when 11895 is divided by 30.
15
What is the remainder when 7844 is divided by 879?
812
Calculate the remainder when 44159 is divided by 44134.
25
Calculate the remainder when 501841 is divided by 145.
141
What is the remainder when 915417 is divided by 228?
225
What is the remainder when 11825 is divided by 1678?
79
What is the remainder when 274267 is divided by 274?
267
Calculate the remainder when 6675 is divided by 952.
11
Calculate the remainder when 686636 is divided by 80.
76
Calculate the remainder when 1287 is divided by 1250.
37
Calculate the remainder when 9544 is divided by 2267.
476
What is the remainder when 468537 is divided by 15?
12
What is the remainder when 6736 is divided by 1342?
26
What is the remainder when 41214 is divided by 41198?
16
What is the remainder when 101960 is divided by 2752?
136
Calculate the remainder when 1275 is divided by 213.
210
Calculate the remainder when 46920 is divided by 782.
0
Calculate the remainder when 21646 is divided by 88.
86
Calculate the remainder when 51875 is divided by 12968.
3
Calculate the remainder when 6866 is divided by 367.
260
What is the remainder when 1997236 is divided by 56?
52
Calculate the remainder when 7027 is divided by 3509.
9
What is the remainder when 15236 is divided by 955?
911
Calculate the remainder when 301 is divided by 80.
61
What is the remainder when 9204 is divided by 419?
405
Calculate the remainder when 128346 is divided by 85.
81
What is the remainder when 1621 is divided by 415?
376
Calculate the remainder when 8873 is divided by 20.
13
What is the remainder when 8286 is divided by 28?
26
Calculate the remainder when 234917 is divided by 18.
17
What is the remainder when 27218 is divided by 477?
29
What is the remainder when 767 is divided by 58?
13
Calculate the remainder when 3333 is divided by 304.
293
Calculate the remainder when 45749 is divided by 9142.
39
Calculate the remainder when 6514 is divided by 651.
4
Calculate the remainder when 81068 is divided by 11575.
43
Calculate the remainder when 2940 is divided by 101.
11
What is the remainder when 1869 is divided by 1717?
152
Calculate the remainder when 2404 is divided by 44.
28
What is the remainder when 13955 is divided by 6958?
39
Calculate the remainder when 14594363 is divided by 153.
152
What is the remainder when 6104 is divided by 21?
14
Calculate the remainder when 1327 is divided by 79.
63
What is the remainder when 38863 is divided by 15?
13
Calculate the remainder when 17099 is divided by 12.
11
What is the remainder when 386 is divided by 142?
102
Calculate the remainder when 2667 is divided by 569.
391
What is the remainder when 10893 is divided by 50?
43
What is the remainder when 502 is divided by 396?
106
What is the remainder when 1933611 is divided by 9?
6
What is the remainder when 77326 is divided by 53?
52
What is the remainder when 91721 is divided by 51?
23
What is the remainder when 11851 is divided by 120?
91
Calculate the remainder when 228741 is divided by 6182.
7
What is the remainder when 53766 is divided by 1452?
42
What is the remainder when 17134 is divided by 17134?
0
Calculate the remainder when 864665 is divided by 9.
8
What is the remainder when 336894 is divided by 65?
64
Calculate the remainder when 27578 is divided by 192.
122
What is the remainder when 5764 is divided by 2720?
324
What is the remainder when 612 is divided by 11?
7
Calculate the remainder when 13607 is divided by 1912.
223
Calculate the remainder when 46930 is divided by 68.
10
What is the remainder when 27057 is divided by 615?
612
What is the remainder when 1859015 is divided by 696?
695
What is the remainder when 2970997 is divided by 89?
88
Calculate the remainder when 68906 is divided by 75.
56
What is the remainder when 59330 is divided by 631?
16
What is the remainder when 82225 is divided by 8?
1
What is the remainder when 71925 is divided by 72?
69
What is the remainder when 9262 is divided by 2928?
478
Calculate the remainder when 33449 is divided by 2572.
13
What is the remainder when 7947 is divided by 295?
277
What is the remainder when 101806 is divided by 14532?
82
Calculate the remainder when 31456 is divided by 147.
145
What is the remainder when 38717 is divided by 38702?
15
What is the remainder when 4962 is divided by 553?
538
Calculate the remainder when 13596035 is divided by 138.
137
What is the remainder when 602344 is divided by 100388?
16
What is the remainder when 163300 is divided by 569?
566
What is the remainder when 2440 is divided by 1834?
606
What is the remainder when 67577 is divided by 310?
307
What is the remainder when 1065545 is divided by 1267?
1265
What is the remainder when 969249 is divided by 27?
3
What is the remainder when 993871 is divided by 61?
59
What is the remainder when 1185 is divided by 191?
39
Calculate the remainder when 8816 is divided by 8500.
316
Calculate the remainder when 155 is divided by 133.
22
What is the remainder when 2643 is divided by 657?
15
What is the remainder when 3724 is divided by 528?
28
What is the remainder when 8782 is divided by 23?
19
What is the remainder when 6493 is divided by 196?
25
Calculate the remainder when 71878 is divided by 15.
13
Calculate the remainder when 4976 is divided by 117.
62
What is the remainder when 52598 is divided by 8761?
32
What is the remainder when 1349 is divided by 327?
41
Calculate the remainder when 3067867 is divided by 69.
58
What is the remainder when 22892 is divided by 8?
4
What is the remainder when 15484 is divided by 128?
124
What is the remainder when 3253 is divided by 5?
3
What is the remainder when 2614 is divided by 857?
43
Calculate the remainder when 86667 is divided by 247.
217
What is the remainder when 5046 is divided by 79?
69
What is the remainder when 28726 is divided by 168?
166
What is the remainder when 60698 is divided by 567?
29
Calculate the remainder when 982 is divided by 123.
121
Calculate the remainder when 19531 is divided by 558.
1
What is the remainder when 1645 is divided by 61?
59
What is the remainder when 265 is divided by 181?
84
What is the remainder when 1732 is divided by 366?
268
What is the remainder when 32304 is divided by 29?
27
Calculate the remainder when 70458 is divided by 3063.
9
What is the remainder when 2183 is divided by 1020?
143
What is the remainder when 346 is divided by 12?
10
Calculate the remainder when 4181 is divided by 23.
18
Calculate the remainder when 4764 is divided by 4430.
334
Calculate the remainder when 111682 is divided by 111646.
36
Calcula